hen 24 is divided by a?
11
Let s(l) = -42*l + 18. Let h be s(8). Let x = 457 + h. Calculate the remainder when x is divided by 35.
34
Let a(v) = 3*v**2 + v + 1. Let t be a(-1). Suppose 15 = t*m + 3. Suppose 3*i - 51 = -18. Calculate the remainder when i is divided by m.
3
Suppose -39*q = -41*q + 84. What is the remainder when q is divided by 33?
9
Calculate the remainder when 24 is divided by (-30)/(-13 + 16) - -17.
3
Let l be 28/(-12) - (-4)/(-6). Let x be (291/9)/(l/(-9)). What is the remainder when 99 is divided by x/4 + (-21)/(-28)?
24
Let g(x) = -10*x + 0 - 2 + 1 + 8*x. Calculate the remainder when g(-8) is divided by 8.
7
Let l(g) = -g**3 - 11*g**2 - 6*g + 8. Let w be l(-12). Suppose -6*c + w = -2*c. Let n = -76 - -95. What is the remainder when c is divided by n?
18
Let w be 8/5 - 6/10. Suppose -5*r = -4*t + 248, -r + 90 + 20 = 2*t. Calculate the remainder when t is divided by -10*(w + -1 + -2).
17
Let b(j) = j**2 + 9*j + 6. Let i be b(-9). Let h(v) = -v**3 + 7*v**2 - 6. What is the remainder when 57 is divided by h(i)?
27
Suppose 0 = -0*r + r - 68. Suppose 0 = 5*c - r - 12. Let j = c + -6. Calculate the remainder when 37 is divided by j.
7
Let a = 299 + -211. Suppose -98 - 90 = 4*t. Let z = a + t. Calculate the remainder when z is divided by 11.
8
Let y = -83 - -182. Suppose 4*t - 3 = 2*h + t, 1 = -4*h + t. Suppose -4*v + 3*s + 156 = 47, -4*v + 5*s + y = h. What is the remainder when v is divided by 17?
14
Suppose 94 = 3*w - y + 5*y, -2*w - 5*y = -65. Calculate the remainder when 48 is divided by w.
18
Let q = 745 + -734. Calculate the remainder when 27 is divided by q.
5
Suppose -4*b = f - 61, 2*f = -4*b + 25 + 41. Calculate the remainder when b is divided by 8/(-4) - (-18)/3.
2
Calculate the remainder when (0 + (585/10)/(-3))*-2 is divided by 13.
0
Suppose 2*v + 29 = -25. Let g = -195 - -159. Let y = v - g. What is the remainder when 35 is divided by y?
8
Suppose 18*q = -7*q + 300. What is the remainder when 215 is divided by q?
11
Suppose 3*y - 11 = -17. Let a = y - -20. What is the remainder when a is divided by 7?
4
Let y = 1472 + -1353. Suppose 0*j - 2*j + 60 = 0. Calculate the remainder when y is divided by j.
29
Let s(c) = 32*c + 3. Let v(k) = k + 5. Let a be v(-3). Suppose 3*f - 13 = 38. Calculate the remainder when s(a) is divided by f.
16
Suppose 0*g + 3*g = -5*t + 30, -4*t + 24 = -2*g. What is the remainder when (-6)/(-4) - (-1485)/t is divided by 50?
49
Let n be (-99)/6 - (-9)/(-6). Let j = n - -19. What is the remainder when 3 is divided by j?
0
Suppose 2*d - 57 = -4*c + 3*c, -5*c + 135 = 5*d. Calculate the remainder when d is divided by 15.
0
Let n(r) = -r**3 - 8*r**2 - 10*r - 9. Suppose 2*x - 3*b + 14 = 0, -2*x - 14 = -0*b - 2*b. What is the remainder when 33 is divided by n(x)?
9
What is the remainder when 3/18 + (-677)/(-6) is divided by 42?
29
Suppose 1248 = -14*q + q. Let a(f) = 9*f - 9. What is the remainder when a(6) is divided by 1/(-3 + (-294)/q)?
13
Suppose 473 = 4*o + 3*y - 1725, -5*o = -y - 2757. What is the remainder when o is divided by 24?
23
Suppose 49*c - 51*c + 10 = 0. What is the remainder when 53 is divided by c?
3
Let n(h) = 59*h + 1. Let c be n(1). Let m = -24 + c. Calculate the remainder when 69 is divided by m.
33
Let f = 149 - 117. Calculate the remainder when f is divided by 23.
9
Let i = 43 + -40. Suppose -2*n - n = 3*d - 90, 5*n - 92 = -i*d. What is the remainder when d is divided by 10?
9
Let o(s) = s**3 - 3*s**2 + s - 3. Let h be o(3). Suppose l = -h*l + 6. Let b(f) = 2*f - 2. Calculate the remainder when 16 is divided by b(l).
6
Suppose -160 = 7*c - 3*c. Let r = 17 - c. Let f(g) = g**3 - 2*g**2 - 3*g + 15. What is the remainder when r is divided by f(3)?
12
Let t = 403 + -260. Let b(c) = c + 9. Let r be b(-5). What is the remainder when t is divided by 2/(2/27)*r/3?
35
Let d be ((-2)/(-6))/(7/42). Suppose -70 = 4*a - d*c, 3*a - 4*c + 45 = -0*c. Let r = 62 + a. Calculate the remainder when r is divided by 15.
13
Let j = -27 - -28. Let i = j - -1. Suppose -2 = i*v - 22. Calculate the remainder when 17 is divided by v.
7
Let l = -10 + 7. Let b = l + 99. Let d = -46 + b. What is the remainder when d is divided by 13?
11
Suppose 3*m - 15 = -3*k, -k = -5*m + 15 - 2. Suppose -j - 30 - 37 = -3*q, -j = -k. Calculate the remainder when 136 is divided by q.
21
Suppose -4*l - 5*b = -213, 5*l - 74 - 191 = -5*b. Let m(w) = -2*w**3 - 5*w**2 - 2*w - 7. What is the remainder when l is divided by m(-3)?
4
Let k = -1808 + 1852. Let l(o) = 3*o**2 + 4*o - 2. Calculate the remainder when l(6) is divided by k.
42
Let u = -7 + 22. Suppose -1843 = l - 1852. Let s = u - l. What is the remainder when 11 is divided by s?
5
Let c(w) = -2*w**3 - 31*w**2 - 17*w + 44. What is the remainder when 228 is divided by c(-15)?
6
Calculate the remainder when -2*8*(-1 - (17 + -8)) is divided by 56.
48
Suppose 34 + 4 = 2*b. Let h(m) = -m**3 - 10*m**2 + 2*m - 7. What is the remainder when h(-11) is divided by b?
16
Suppose -12*r + 9*r + 2*x = -258, -3*r - 3*x = -243. What is the remainder when r is divided by 17?
16
Let m(o) = 2*o + 16. Let i be m(-18). Let u be ((-39)/4)/((-2)/8). Let c = i + u. Calculate the remainder when 74 is divided by c.
17
Let u(l) = l**2 - 4*l + 4. What is the remainder when u(-7) is divided by ((-4)/(-6))/((-4)/(-126))?
18
Let i = -27 - -54. Suppose 0 = -2*q - 4*g + 22, 7*q = 8*q + 4*g - 7. What is the remainder when i is divided by q?
12
Let k(d) = d**2 - 18*d + 35. Let t be k(15). Let r = 34 + t. Calculate the remainder when 46 is divided by r.
22
Let h(m) = -3*m**3 - 9*m**2 - 3*m + 7. What is the remainder when h(-3) is divided by 11?
5
Let l = 0 - -7. Suppose 0*t + 3*x = -t + l, x + 11 = 3*t. Suppose -3*n + 5 = -t. Calculate the remainder when n is divided by 2.
1
Let u(t) = -t**2 + 5*t - 1. Let s be u(5). Let g(k) = 323*k**2 - 2*k - 296*k**2 - 1 + 2*k. What is the remainder when g(s) is divided by 9?
8
Suppose 456 + 138 = 33*m. What is the remainder when 123 is divided by m?
15
Suppose 148*k - 155*k + 34 = -120. Suppose 4*j = -0*j + 40. What is the remainder when j/(-4)*-1*26 is divided by k?
21
Let w(p) = p**3 - 7*p + 2. Calculate the remainder when 14 is divided by w(3).
6
Let o = -33 + 77. Let q(z) be the second derivative of 5*z**4/6 - z**2/2 + 7*z. Calculate the remainder when o is divided by q(1).
8
Suppose 3*o - 453 = -3*l, -5*l + 841 = -o + 86. Calculate the remainder when l is divided by 22.
19
Suppose -14*k + 403 + 59 = 0. Calculate the remainder when k is divided by (6/(-3))/(-2) + 8.
6
Suppose 0 = 29*p - 235 + 148. Calculate the remainder when 45 is divided by p.
0
Suppose 17*v = 37*v - 520. What is the remainder when 70 is divided by v?
18
Let m = 26 + -38. Calculate the remainder when 52 is divided by (m/(-8))/(6/56).
10
Let p(f) = -7*f - 1. Let u(m) = -m + 4. Let v be u(5). Let h = 4 - -11. Calculate the remainder when h is divided by p(v).
3
Suppose -4*i + 568 = -v, -4*i = 5*v - 424 - 144. Calculate the remainder when i is divided by 52.
38
Suppose 10 = 4*w - z, 0 = 7*w - 2*w + 3*z - 21. Calculate the remainder when 35 is divided by w.
2
Let y(s) = s**2 + 4*s - 96. Calculate the remainder when y(15) is divided by 38.
37
Let s be 10/(-5)*29*(-1)/(-2). Let o(y) = y**3 + 30*y**2 + 30*y + 36. What is the remainder when 18 is divided by o(s)?
4
Suppose 1975*w - 1963*w = 264. What is the remainder when 1295 is divided by w?
19
Let u be 8/2 + (-1)/(-1). Suppose 3*h + u*a - 85 + 3 = 0, -5*a + 25 = 0. Suppose 2*z - 197 = -47. Calculate the remainder when z is divided by h.
18
Let s(w) = -w**2 - 19*w + 25. Let r be s(-20). Suppose 2 + 19 = r*b - c, -b = -5*c - 9. Calculate the remainder when 19 is divided by b.
3
Let f = 132 + -116. What is the remainder when 60 is divided by f?
12
Suppose -3*j + 27 = -0*j. Suppose -2*b + f = -43, -3*f + 91 = -b + 6*b. What is the remainder when b is divided by j?
2
Let l = -518 - -522. What is the remainder when 223 is divided by l?
3
Let o(m) = m**3 + 14*m**2 + 38*m - 22. What is the remainder when o(-7) is divided by (-42)/4*(-4)/3?
13
Let t = 147 + -111. What is the remainder when 77 is divided by t?
5
Let a(m) = m + 7. Let y be a(-9). Let f be (1 - -1) + -1 - -16. Let h = f + y. Calculate the remainder when 57 is divided by h.
12
Let w(r) = -2*r**3 + 1